. Suppose 0 = 2*b - 7*b + p. Suppose 4*f + 2*o - b = 4, 0 = -2*f + 4*o + 234. Is f a prime number?
False
Suppose -u - 4*u + 2*g - 8183 = 0, 3*g = 3*u + 4908. Let k = -660 - u. Is k a composite number?
False
Let p be ((-2)/(-3))/(2/9). Suppose -25 = -2*t + p*j, -j = -2*t - 3*j. Suppose -x + f + 201 = 6*f, 0 = t*f. Is x a prime number?
False
Let g = 545 + -513. Suppose g*k - 19145 = 9111. Is k prime?
True
Let w be 2/(-8) - 1453216/(-128). Let a = w + -1316. Is a prime?
True
Let j = 4 + 63. Suppose 0 = 68*l - j*l - 1559. Is l a composite number?
False
Let k(b) be the third derivative of -61*b**4/12 - b**3/6 - b**2. Let p(x) = -294*x - 2947. Let r be p(-10). Is k(r) prime?
True
Let o = -145044 - -261659. Suppose -5*g = 2*k - 122432, -2*k + o = 3*g - 5813. Is k prime?
True
Let z(h) be the second derivative of 0 + 32*h - h**2 + 7/6*h**3 + 19*h**4. Is z(3) a prime number?
False
Suppose 144303 = 3*b + h + 3*h, 2*h = b - 48121. Is b prime?
True
Suppose -5021 = 4*a + t, 2*a + 3*t = 634 - 3137. Let y = 65 - a. Suppose -k + 3078 = 4*u, -5*k + 227 = 2*u - y. Is u composite?
False
Suppose 6*g + 1542 = -1392. Let i = 27112 + g. Is i composite?
True
Let y(w) = 1343*w**2 + 53*w + 224. Is y(15) a composite number?
True
Let v = -549050 + 2254483. Is v a prime number?
True
Let d(t) = t**2 + 14*t + 24. Let r be d(-12). Suppose -5*b + 6130 = -2*a, -3*a = -r*a. Is b composite?
True
Let o = 44 + -18. Suppose 37*f - 22891 = o*f. Is f a composite number?
False
Is 4805883/33 + (-254)/(-1397) a prime number?
True
Suppose -4*l = 41*d - 43*d - 2648470, 1324223 = 2*l - 5*d. Is l prime?
False
Suppose -24 + 8 = -4*o. Let c be 1/o - (-110)/40. Suppose -2*y + 1255 = c*y. Is y prime?
True
Let o(g) = 29180*g + 863. Is o(6) composite?
True
Let o = -219 + 219. Suppose -3*m - 6 + o = 0, 3*t = 4*m + 45389. Is t prime?
False
Let j be 7617 + -1 + 3 - -4 - -4. Suppose 4*a + 5*w = 15251, -4*a + 2*a - 3*w = -j. Is a a composite number?
True
Let s be (44/10)/(-1*1/5). Let b = s - -13. Is 126 + b*(-4)/12 a composite number?
True
Let x(w) = 7*w**2 - 19. Let o be x(5). Let u = o + 337. Is u a prime number?
False
Suppose -4*a - 2*c + 129176 = 0, 60822 = 4*a + 5*c - 68336. Is a composite?
False
Suppose 4*n + 29*x - 24*x - 3 = 0, 2*n + x = 3. Suppose -798 = 5*u - n*l - 4341, -l + 2824 = 4*u. Is u prime?
False
Suppose 3*v = -g + 5*v + 10079, -3*g - 3*v = -30246. Suppose 7*d = 17268 + g. Is d a composite number?
False
Let u = 117 - 1. Let y = u + -135. Let h(g) = -62*g - 11. Is h(y) a prime number?
False
Let u = 223 - 118. Let a be u/(-8) + 0 - 4/(-32). Let o(b) = -b**2 - 19*b + 1. Is o(a) composite?
False
Suppose 0 = 3*n + 2*l - 464465, 5*n - 774107 = 27*l - 31*l. Is n prime?
True
Let v(s) = 1328*s**2 + 15. Let c be v(4). Suppose -7*w - c = 4*w. Is 13/26*(1 - w) prime?
True
Let o(h) be the first derivative of 2*h**3/3 - 11*h**2 + 20*h + 11. Let x be o(-16). Suppose 1104 + x = 4*n. Is n a composite number?
True
Suppose 0 = 5*f + 374*z - 379*z - 10573450, 5*z = 5. Is f prime?
False
Suppose -4*n + 7*n + 5*p = 9, 7 = -n - 5*p. Suppose n*u - 76 = 6*u. Suppose 2*r = -5*z + 389, r + 2*z - 231 + u = 0. Is r composite?
True
Let u(a) = 947*a + 251. Let i be u(-27). Is 7/84 + i/(-24) prime?
False
Suppose 173*w - 2*q - 3217899 = 168*w, 2*q + 2574316 = 4*w. Is w a composite number?
False
Let n(k) = k**2 - 8*k - 30. Let v be n(10). Let w = 18873 - 42087. Is w/v + 18/(-45) a composite number?
True
Let u(n) = n**3 - 13*n**2 + 3*n - 19. Let f be u(13). Let w(r) = -r**2 + 20*r + 4. Let i be w(f). Is (3 - i)/(2674/1338 + -2) composite?
True
Suppose 4*h - 200823 = -9511. Suppose h = 22*y - 18*y. Is y a prime number?
False
Suppose 4*q + 5*x = -249034 + 1149288, 2*x = 3*q - 675179. Is q composite?
False
Let n = 1603 + -1599. Let m(c) = 3 - 7 - 2*c + 3 + 8*c**2. Is m(n) composite?
True
Let s = 21922 - -9595. Is s a prime number?
True
Is (-130)/39*12416253/(-38) prime?
False
Let w(o) = 10*o**2 - 122*o + 1453. Is w(-64) a composite number?
False
Let r(b) = 92*b**2 - 503*b - 16. Is r(-11) composite?
False
Let u = -345 - -369. Suppose 0 = 17*g - u*g + 22141. Is g composite?
False
Let t(r) = 219*r - 900. Let l(n) = 108*n - 449. Let w(h) = 5*l(h) - 2*t(h). Is w(32) prime?
True
Let l(w) = 2*w**3 - w**2 - 2*w - 113. Let x(y) = 86*y**2 - 86*y**2 + y**3 + 0*y**3. Let s(j) = -l(j) + x(j). Is s(0) composite?
False
Suppose 0 = -l - 10 + 98. Let p be (10/(-2))/(1 - 2). Suppose l = -p*u + 1983. Is u prime?
True
Let r(z) = z**2 - 15*z - 16. Let c be r(-1). Suppose -11*x + 20*x - 76905 = c. Is x prime?
False
Is ((3 - 2) + 0)*(64 + -61) - -67696 a composite number?
False
Let m = 230 + -236. Is (6 + (m - -2) - 8) + 271 a composite number?
True
Let n = -3877 + 9546. Is n prime?
True
Let i be (1 - (1 - 1)) + 5 + 5. Suppose 21*f - i*f - 21290 = 0. Is f prime?
True
Suppose 0 = 2*o + 5*g - 1851, -4*o + 1105 = 4*g - 2615. Suppose o = 3*q - 1218. Is (-1)/(-6)*q/2*4 prime?
True
Let c(f) be the second derivative of 2*f**3 - 23*f**2/2 + 8*f. Let n be c(11). Let b = 378 - n. Is b prime?
True
Let l be (3 - 6)*(2 + -1). Is 6674 - (l + 6)*1 composite?
True
Let z be (2/(-6))/((-7)/147). Is (6 - -23965) + (-14)/z a prime number?
False
Let x(v) = 243*v - 58. Suppose 4*m - 3*b - 16 = 0, b + b = 0. Is x(m) composite?
True
Suppose -4*b - 3*c + 92410 = 0, 13*b = 10*b - 2*c + 69307. Is b prime?
False
Let f be 0/7*(-2)/(-6). Suppose f = 2*v + 2, -60630 = 3*u + 4*v + 2017. Is 4/(-3) + u/(-21) a prime number?
False
Let z(v) = -6*v - 33. Let k = -50 + 44. Let q be z(k). Suppose 5*w - q*x - 3437 = 0, 0 = 3*w - 3*x - 713 - 1354. Is w a prime number?
False
Let x(j) = j**3 - 6*j**2 + 6*j - 3. Let y be x(5). Let s be 10*(0 + 42 + y). Let m = 799 - s. Is m composite?
False
Is (-233041980)/(-600) + (-6)/20 a prime number?
True
Let a be 222 - ((-3)/(-3)*-5 + 5). Let g = 4259 - a. Is g composite?
True
Is (152634/8)/((-156)/(-208)) composite?
False
Suppose 3*p + 27*c = 28*c + 206484, 4*c = 12. Is p a composite number?
True
Suppose 0 = -5*u + 3*k + 3445829, 41*u = 36*u + 8*k + 3445819. Is u prime?
True
Let m(c) = -91*c - 62. Let n be m(-6). Let s = n + 63. Is s prime?
True
Is (16 - -217583)*((-4)/(-18))/((-8)/(-12)) composite?
False
Suppose -2*d = -34 + 30. Suppose 3*c - 16 = 7*c, -d*q - c = -17206. Is q composite?
True
Let b(j) = 2*j**3 - 61*j**2 - 3*j - 833. Is b(105) a prime number?
False
Let b(v) = 137*v**2 - 331*v - 2297. Is b(-7) a composite number?
False
Let h = -221 + 514. Let d = 188 - h. Let v = d + 292. Is v a prime number?
False
Let f(a) = 752*a + 1381. Is f(68) a prime number?
True
Suppose 3*s + s = -3*m + 31416, -s = -m - 7861. Let c = s + -3645. Suppose -3*b + 3*l + c = 0, b + 536 - 1944 = 3*l. Is b composite?
True
Let j = -53 + 61. Suppose 0 = -c + j*c + 6321. Let x = -494 - c. Is x composite?
False
Suppose 0 = 2*y - 22 + 48. Let a(i) = -1109*i + 72. Is a(y) prime?
True
Suppose y = f - 0*f - 57, 4*y - 77 = -f. Let x = 76 - f. Suppose -4761 = -x*j + 6*j. Is j composite?
True
Let p = -853625 + 1827264. Is p a prime number?
False
Is ((-54)/243)/(1/(-9)) - -244665 a composite number?
False
Let d(v) = -4890*v**3 - v**2 - 32*v - 105. Is d(-4) prime?
True
Suppose 76 = -2*d + 3*f + 2*f, 72 = -3*d - 3*f. Let j = 355 + d. Let k = j + -200. Is k a composite number?
False
Let k = -30351 - -65192. Is k a prime number?
True
Let x(r) = -22*r**2 + 7*r + 2. Let f(h) = -23*h**2 + 6*h + 1. Let m(u) = -4*f(u) + 5*x(u). Let w be m(-7). Let i = w - -1632. Is i composite?
True
Suppose 0 = 4*c - 4*j - 112528, 0 = -0*j + 4*j + 12. Is c a composite number?
True
Let y(w) be the second derivative of 3*w**3/2 - 129*w**2/2 - 6*w. Is y(28) prime?
False
Suppose 10*q = 7*q + 963. Let b = q + 996. Is b composite?
True
Let q = -215263 + 340386. Is q prime?
False
Let d = 748621 - 99678. Is d a prime number?
False
Let d = 58 - 28. Suppose 0 = 4*i + 18 - d. Suppose -i*s + 1109 + 1282 = 0. Is s composite?
False
Let u(n) = 9914*n - 4481. Is u(3) a composite number?
False
Let v(r) = 374*r + 49. Let l be v(9). Suppose -4*y + 15 - 31 = 0, -q + 2*y = -l. Is q prime?
True
Suppose -13*b + 9*b = -3*t + 790887, -2*b = 3*t - 790887. Is t prime?
False
Let m(d) = 130*d**2 + 2*d - 4. Let f be m(-3). Let l = 2217 - f. Is l a prime number?
False
Let h(n) = 2947*n**2 - 13*n + 73. Is h(6) composite?
False
Su